{"id":2,"date":"2020-09-04T16:21:16","date_gmt":"2020-09-04T14:21:16","guid":{"rendered":"http:\/\/baratipain.fr\/?page_id=2"},"modified":"2026-03-13T09:22:54","modified_gmt":"2026-03-13T08:22:54","slug":"accueil","status":"publish","type":"page","link":"https:\/\/baratipain.fr\/","title":{"rendered":"Boulangerie au levain naturel \u00e0 Baratier"},"content":{"rendered":"<p>[et_pb_section fb_built=\u00a0\u00bb1&Prime; admin_label=\u00a0\u00bbsection\u00a0\u00bb _builder_version=\u00a0\u00bb4.16&Prime; background_image=\u00a0\u00bbhttp:\/\/baratipain.fr\/wp-content\/uploads\/2021\/03\/Resized_IMG_20210222_164212_546_2829.jpg\u00a0\u00bb height=\u00a0\u00bb726px\u00a0\u00bb global_colors_info=\u00a0\u00bb{}\u00a0\u00bb][\/et_pb_section][et_pb_section fb_built=\u00a0\u00bb1&Prime; admin_label=\u00a0\u00bbsection\u00a0\u00bb _builder_version=\u00a0\u00bb4.16&Prime; background_enable_image=\u00a0\u00bboff\u00a0\u00bb global_colors_info=\u00a0\u00bb{}\u00a0\u00bb][et_pb_row column_structure=\u00a0\u00bb2_3,1_3&Prime; admin_label=\u00a0\u00bbrow\u00a0\u00bb _builder_version=\u00a0\u00bb4.25.2&Prime; background_size=\u00a0\u00bbinitial\u00a0\u00bb background_position=\u00a0\u00bbtop_left\u00a0\u00bb background_repeat=\u00a0\u00bbrepeat\u00a0\u00bb custom_padding=\u00a0\u00bb|||0px||\u00a0\u00bb global_colors_info=\u00a0\u00bb{}\u00a0\u00bb][et_pb_column type=\u00a0\u00bb2_3&Prime; _builder_version=\u00a0\u00bb4.16&Prime; custom_padding=\u00a0\u00bb|||\u00a0\u00bb global_colors_info=\u00a0\u00bb{}\u00a0\u00bb custom_padding__hover=\u00a0\u00bb|||\u00a0\u00bb][et_pb_text _builder_version=\u00a0\u00bb4.27.4&Prime; _module_preset=\u00a0\u00bbdefault\u00a0\u00bb text_font_size=\u00a0\u00bb18px\u00a0\u00bb header_3_font_size=\u00a0\u00bb20px\u00a0\u00bb header_3_line_height=\u00a0\u00bb1.5em\u00a0\u00bb width=\u00a0\u00bb100%\u00a0\u00bb custom_margin=\u00a0\u00bb|-232px||||\u00a0\u00bb custom_padding=\u00a0\u00bb52px|||||\u00a0\u00bb inline_fonts=\u00a0\u00bbABeeZee\u00a0\u00bb global_colors_info=\u00a0\u00bb{}\u00a0\u00bb]<\/p>\n<div>\n<div jsname=\"hAFuyb\">\n<div>\n<div data-force-next-button=\"false\" data-scroll-multiplier=\"1\" jsname=\"hB16\" jscontroller=\"MzRD8e\" jsaction=\"JIbuQc:wMSije(E7ORLb),YDijFb(tJiF1e);rcuQ6b:WYd;PCc1Ic:wMSije;n38eQe:YDijFb;\">\n<div data-is-touch-wrapper=\"true\" style=\"text-align: center;\">\n<table style=\"border-collapse: collapse; width: 100%;\" border=\"1\">\n<tbody>\n<tr>\n<td style=\"width: 100%; text-align: center;\">\n<p>Votre boulangerie \u00e0 <strong>Baratier centre, <\/strong>91 r<span>ue Guillaume Apollinaire<\/span> est :<br \/><strong>Ouverte du vendredi au mardi de 7h30 \u00e0 13h30<br \/>ferm\u00e9e<\/strong><strong>\u00a0mercredi &amp; jeudi<\/strong><br \/><strong>Juillet-ao\u00fbt<\/strong> : ouverte \u00e9galement le <strong>lundi de 16h \u00e0 19h<\/strong><\/p>\n<p><strong><\/strong><\/p>\n<p><span>Retrouvez-nous \u00e9galement sur <strong>Embrun<\/strong>:<br \/><\/span><span style=\"font-size: large;\">&#8211; les <strong>lundis et jeudis de 16h30 \u00e0 18h30<\/strong> au 12 rue des Granges (proche office du tourisme)<br \/><\/span><span style=\"font-size: large;\">&#8211; au <strong>march\u00e9<\/strong> les <strong>samedis<\/strong> des semaines impaires<\/span><\/p>\n<\/td>\n<\/tr>\n<\/tbody>\n<\/table>\n<\/div>\n<\/div>\n<\/div>\n<\/div>\n<\/div>\n<p style=\"text-align: left;\">Nous vous proposons :<\/p>\n<ul>\n<li>des <strong>pains au levain naturel<\/strong> (campagne, graines, int\u00e9gral, petit \u00e9peautre, seigle, khorasan, riz graines, riz ch\u00e2taigne, riz choco orange,&#8230;)<\/li>\n<li>des <strong>viennoiseries<\/strong> (brioches, pompe \u00e0 l&rsquo;huile, panettones au levain,&#8230;)<\/li>\n<li>des <strong>biscuits<\/strong> (ap\u00e9ri&rsquo;graines, gressins, navettes, cookies, amaretti, boules coco,&#8230;)<\/li>\n<\/ul>\n<h3 style=\"text-align: right;\"><strong><span style=\"font-size: x-large;\">\u2192Voir la <\/span><\/strong><a href=\"https:\/\/nuage.numericloud.eu\/s\/Dx452nKLpQzB6Ca\"><span style=\"text-decoration: underline;\"><span style=\"font-size: medium;\"><span style=\"color: #0d61e8; text-decoration: underline;\"><strong><span style=\"font-size: x-large;\">liste des produits et tarifs<\/span><\/strong><\/span><\/span><\/span><\/a><\/h3>\n<p>N&rsquo;h\u00e9sitez pas \u00e0 venir d\u00e9couvrir nos produits, nous serons heureux de vous rencontrer !<\/p>\n<p>&nbsp;<\/p>\n<h3>L&rsquo;\u00e9quipe de BaraTi&rsquo;Pain.<\/h3>\n<h3>Contact : <a href=\"https:\/\/valise.chapril.org\/s\/j5LxHMxZqSw554E\">+<\/a><a href=\"tel:+33613764155\">33613764155<\/a><\/h3>\n<p>&nbsp;<\/p>\n<p><strong><span style=\"color: #ff0000; font-size: x-large;\">Commande minimum 48h avant (et avant 10h du matin).<\/span><br \/><\/strong><\/p>\n<p style=\"text-align: left;\"><span style=\"font-size: medium; color: #000000;\">La fermentation au levain naturel est un processus long : nous pr\u00e9parons nos pes\u00e9es et levains l&rsquo;avant-veille de la vente, il n&rsquo;est ensuite plus possible de faire d&rsquo;avantage de p\u00e2te.<br \/>Aussi nous recommandons vivement de passer commande pour les pains sp\u00e9ciaux (autre que campagne ou graines) qui sont pr\u00e9vus en plus petite quantit\u00e9.<\/span><\/p>\n<p style=\"text-align: left;\"><span style=\"font-size: medium; color: #000000;\">Nous travaillons avec des farines cultiv\u00e9es en agriculture biologique, dans les Hautes-Alpes (<a href=\"https:\/\/lafermeduforest.wixsite.com\/moulin\">Ferme du Forest &#8211;<\/a> Montbrand 05 ; Farnabelle &#8211; Le Sauze du Lac 05), des produits en circuits courts, dans le respect de l&rsquo;humain, de son travail et ses savoir-faire.<\/span><\/p>\n<p style=\"text-align: left;\"><span style=\"font-size: medium; color: #000000;\">Pour une alimentation saine et de qualit\u00e9.<\/span><\/p>\n<p>[\/et_pb_text][et_pb_image src=\u00a0\u00bbhttps:\/\/baratipain.fr\/wp-content\/uploads\/2024\/07\/2024_EmbrunPointVente-scaled.jpg\u00a0\u00bb title_text=\u00a0\u00bb2024_EmbrunPointVente\u00a0\u00bb _builder_version=\u00a0\u00bb4.25.2&Prime; _module_preset=\u00a0\u00bbdefault\u00a0\u00bb width=\u00a0\u00bb100%\u00a0\u00bb global_colors_info=\u00a0\u00bb{}\u00a0\u00bb][\/et_pb_image][\/et_pb_column][et_pb_column type=\u00a0\u00bb1_3&Prime; _builder_version=\u00a0\u00bb4.16&Prime; custom_padding=\u00a0\u00bb|||\u00a0\u00bb global_colors_info=\u00a0\u00bb{}\u00a0\u00bb custom_padding__hover=\u00a0\u00bb|||\u00a0\u00bb][et_pb_image src=\u00a0\u00bbhttps:\/\/baratipain.fr\/wp-content\/uploads\/2025\/02\/PlansDAcces.jpg\u00a0\u00bb title_text=\u00a0\u00bbPlansDAcces\u00a0\u00bb align=\u00a0\u00bbcenter\u00a0\u00bb src_tablet=\u00a0\u00bbhttps:\/\/baratipain.fr\/wp-content\/uploads\/2025\/02\/PlansDAcces.jpg\u00a0\u00bb src_phone=\u00a0\u00bbhttps:\/\/baratipain.fr\/wp-content\/uploads\/2025\/02\/PlansDAcces.jpg\u00a0\u00bb src_last_edited=\u00a0\u00bbon|tablet\u00a0\u00bb _builder_version=\u00a0\u00bb4.25.2&Prime; _module_preset=\u00a0\u00bbdefault\u00a0\u00bb width=\u00a0\u00bb100%\u00a0\u00bb max_width=\u00a0\u00bb100%\u00a0\u00bb global_colors_info=\u00a0\u00bb{}\u00a0\u00bb][\/et_pb_image][\/et_pb_column][\/et_pb_row][\/et_pb_section]<\/p>\n","protected":false},"excerpt":{"rendered":"<p>Votre boulangerie \u00e0 Baratier centre, 91 rue Guillaume Apollinaire est :Ouverte du vendredi au mardi de 7h30 \u00e0 13h30ferm\u00e9e\u00a0mercredi &amp; jeudiJuillet-ao\u00fbt : ouverte \u00e9galement le lundi de 16h \u00e0 19h Retrouvez-nous \u00e9galement sur Embrun:- les lundis et jeudis de 16h30 \u00e0 18h30 au 12 rue des Granges (proche office du tourisme)- au march\u00e9 les samedis [&hellip;]<\/p>\n","protected":false},"author":1,"featured_media":0,"parent":0,"menu_order":0,"comment_status":"closed","ping_status":"open","template":"","meta":{"_et_pb_use_builder":"on","_et_pb_old_content":"<!-- wp:paragraph -->\n<p>Vous cherchez du pain au levain naturel, pour nous trouver, c'est ici: <a rel=\"noreferrer noopener\" href=\"https:\/\/www.openstreetmap.org\/?mlat=44.53905&amp;mlon=6.49591#map=14\/44.5426\/6.4947\" target=\"_blank\">https:\/\/www.openstreetmap.org\/?mlat=44.53905&amp;mlon=6.49591#map=14\/44.5426\/6.4947<\/a><\/p>\n<!-- \/wp:paragraph -->\n\n<!-- wp:paragraph -->\n<p><a href=\"https:\/\/www.openstreetmap.org\/?mlat=44.53905&amp;mlon=6.49591#map=14\/44.5426\/6.4947\"><img class=\"wp-image-75\" style=\"width: 500px;\" src=\"http:\/\/baratipain.fr\/wp-content\/uploads\/2020\/12\/Boulange.jpg\" alt=\"\"><\/a><br><\/p>\n<!-- \/wp:paragraph -->\n\n<!-- wp:paragraph -->\n<p><\/p>\n<!-- \/wp:paragraph -->","_et_gb_content_width":"","footnotes":""},"class_list":["post-2","page","type-page","status-publish","hentry"],"jetpack_sharing_enabled":true,"_links":{"self":[{"href":"https:\/\/baratipain.fr\/index.php\/wp-json\/wp\/v2\/pages\/2","targetHints":{"allow":["GET"]}}],"collection":[{"href":"https:\/\/baratipain.fr\/index.php\/wp-json\/wp\/v2\/pages"}],"about":[{"href":"https:\/\/baratipain.fr\/index.php\/wp-json\/wp\/v2\/types\/page"}],"author":[{"embeddable":true,"href":"https:\/\/baratipain.fr\/index.php\/wp-json\/wp\/v2\/users\/1"}],"replies":[{"embeddable":true,"href":"https:\/\/baratipain.fr\/index.php\/wp-json\/wp\/v2\/comments?post=2"}],"version-history":[{"count":59,"href":"https:\/\/baratipain.fr\/index.php\/wp-json\/wp\/v2\/pages\/2\/revisions"}],"predecessor-version":[{"id":280,"href":"https:\/\/baratipain.fr\/index.php\/wp-json\/wp\/v2\/pages\/2\/revisions\/280"}],"wp:attachment":[{"href":"https:\/\/baratipain.fr\/index.php\/wp-json\/wp\/v2\/media?parent=2"}],"curies":[{"name":"wp","href":"https:\/\/api.w.org\/{rel}","templated":true}]}}